*2 - 103*m - 311. Is b(-3) composite?
True
Is (4 + 10955056/(-32))/(5/(-10)) prime?
True
Let d be (-1 + 0)*4 + 17. Let t(m) = 4*m**3 + 2*m**2 - 7*m - 30. Is t(d) a composite number?
True
Suppose 0 = -11*b + 72209 - 4537. Let i = 9611 + b. Is i a prime number?
False
Is (-359342)/6*7*4*15/(-140) a prime number?
True
Let q = -266 - -284. Suppose -39743 = 7*k - q*k. Is k a composite number?
False
Suppose 15 = 7*s + 1. Is 43751/3 + s - (-50)/(-75) a prime number?
False
Let s = 141259 - 52832. Is s a composite number?
False
Suppose 3*l - 633032 = -5*m, -186*l + 184*l + 422048 = -2*m. Is l a prime number?
False
Suppose 0 = q - 3498 - 2744. Let o = -3688 + q. Is o composite?
True
Let t = -29 + 31. Suppose t*m - 7 = 3. Suppose -1447 = -3*l - 2*d + 2000, -5*l - m*d + 5740 = 0. Is l a prime number?
True
Suppose -32903 = -m - 2*q, 44380 = -4*m - 4*q + 176004. Is m a prime number?
True
Let m(w) = 747*w + 70. Let v be m(15). Suppose v = 12*z - 8801. Is z composite?
True
Let a(g) = 952*g + 257. Is a(38) prime?
True
Suppose 8*i = -53865 + 547873. Is i composite?
False
Let k = -18382 - -27023. Let y = k - 2254. Is y composite?
True
Suppose -4*h = 4*i - 599408, 26*h = -i + 27*h + 149846. Is i a composite number?
True
Suppose 526 = -3*g - 527. Suppose -3*q + 3*z = -2100, 4*z + 4 = 2*z. Let n = g + q. Is n a prime number?
True
Let q = -196 - -206. Suppose q*k - 12*k = -25778. Is k prime?
True
Let n(l) = -307*l - 49. Let p be n(4). Let i = 416 - p. Is i a prime number?
True
Is (-96)/720 + (-28)/15 + 37765 prime?
False
Let n(l) = -l + 9. Let q be n(5). Let c be -11 - (-23 + (-16 - -28)). Suppose 2*d - 3*x - 898 - 1853 = c, q*d - 5*x - 5499 = 0. Is d a prime number?
False
Let u be (7/(-28) + 1)/(6/40). Suppose -u*p = 4*r - 79315, 2*r - 10*p - 39685 = -7*p. Is r a prime number?
False
Let a be ((-2760)/(-21))/((-18)/(-1386)). Let i = 17277 - a. Is i a composite number?
True
Let y = -885 - -1467. Suppose x + y = 4*x. Suppose -g = g - x. Is g a prime number?
True
Let z be (-760)/(-14) + 2/(-7). Let a(b) = 0*b - 2*b**3 + 4*b + z - 46 + 9*b**2. Is a(-9) composite?
True
Let f = 2651 - 1411. Let n = f - -3633. Is n composite?
True
Let y(x) = 7*x**2 - 34*x - 33. Let i(s) = 5*s**2 - 22*s - 21. Let l(c) = 8*i(c) - 5*y(c). Suppose -2*p + 24 = 8. Is l(p) prime?
True
Let v = -345 + 348. Suppose -w + 3158 = -c, -c + v*c = 6. Is w prime?
False
Let k(f) = 205*f**2 + 38*f + 110. Let j(b) = -b + 3. Let d(h) = 3*j(h) + k(h). Is d(-5) composite?
True
Let y(x) = x**3 - 6*x**2 + 6*x - 3. Let q be y(5). Suppose 1 - 9 = q*p, 5*p + 17 = t. Is t*(-55)/60*92 prime?
False
Suppose b + 5*m = 49874, 199571 = 4*b + 22*m - 27*m. Is b prime?
False
Let v(q) = -q**3 + 38*q**2 + 37*q + 83. Let w be v(39). Suppose -w*r + 4*l = -161287, -4*r - 25*l + 129029 = -28*l. Is r prime?
False
Let k(v) = 501*v + 14. Let y be k(6). Let g = y - 4430. Is (-1 - g) + 1*0/1 a prime number?
True
Let c(h) = 246*h + 133909. Is c(0) a prime number?
False
Let o(a) = 4553*a**3 + 2*a**2 - 6*a - 4. Let t be o(2). Suppose -494 = 6*n - t. Is n composite?
False
Suppose 4*v - z = 18, -5 = v + 5*z + 1. Suppose -v*j + 150 - 130 = 0. Suppose -3798 = j*w - 11*w. Is w a composite number?
True
Let y(g) = 4278*g - 30. Let h be y(1). Suppose 19*p - 5*n + 7100 = 24*p, h = 3*p - 3*n. Is p composite?
True
Suppose 0*k = -3*r + 3*k + 72621, 0 = -5*r + k + 121035. Suppose 2*n = 5*n - r. Is n prime?
True
Suppose 2*i + 3*i = 2*o + 41, 0 = 3*o + i + 19. Let z(a) = -13 - 61*a - 58*a + 4 + 36. Is z(o) a composite number?
True
Let f = -105 - -121. Let n(o) = 180*o - 35. Is n(f) prime?
False
Suppose 5*x - 27 + 22 = 0. Is (-2)/(-8) + x + 53155/20 a composite number?
False
Let h be (84216/(-72))/((-2)/12). Suppose 0 = 3*z + 2*q - 19675, -h - 12661 = -3*z - 4*q. Is z a composite number?
True
Let l(h) = -456*h + 288. Let b be l(-7). Let p = 11627 - b. Is p a composite number?
False
Suppose 2928779 = 9*o + 40*o. Is o a prime number?
True
Let t = 204435 + -95758. Is t composite?
False
Suppose a + f + 3*f - 8 = 0, -3*f + 11 = 2*a. Let p be 1/2 + (922/a - 0). Suppose 0 = -4*s + 2*g + 1634, -s + 2*g + 170 = -p. Is s a composite number?
True
Let x = 254 - 243. Is 2/x + 1005195/(-110)*-6 prime?
True
Suppose -9*r = -4524 - 1659. Let o = r - 383. Let a = o + 309. Is a composite?
False
Let i be -3 + (-6)/8*8/(-6). Let n(q) = -q - 1. Let u be n(i). Is (-551 + 3)/(-3 + u) a composite number?
True
Let x(d) = -16*d + 83. Let b be x(5). Suppose -h = b*q + 4*h - 5098, -3*q + 2*h + 5126 = 0. Is q prime?
False
Suppose -m + 29503 = 5*r, m + 8103 = -3*r + 37622. Is m prime?
False
Suppose 0 = -237*u + 180*u + 9186063. Is u prime?
True
Let i be 22*((2 - 3) + 0). Let b be i/5*85/(-34). Suppose 0 = -10*u + b*u - 1259. Is u a prime number?
True
Let v(b) = -93*b**3 - 1 - b - 94*b**3 + 0*b. Suppose -2*p + 4*j = -14, 0 = 7*p - 2*p - 2*j - 3. Is v(p) a composite number?
True
Let x = 30 - 28. Suppose 2*z = -x*b, 2*z = -b - 0*z + 1. Is (142 + b)*(5 + -4) a composite number?
True
Let i(s) = -s**2 - 11*s - 3. Let p be i(-5). Let x be 1*((-3)/(-4) + p/12). Let t = 323 + x. Is t a prime number?
False
Suppose -50*q = -37*q - 19201. Is q a composite number?
True
Let d(v) be the first derivative of -v**4/4 + v**3 - v**2 + 10. Let y be d(2). Suppose y = g - 553 - 18. Is g a prime number?
True
Let g(v) = 4*v + 13 - 3*v**2 - 50 + 7395*v**3 + 15 + 17 + 3*v. Is g(1) prime?
False
Let k = 3210 - 1580. Suppose 2*f - k = -458. Is f a prime number?
False
Let r(q) = 2*q**2 + 12*q - 2*q**2 + q**3 - 2*q**2. Let k(i) = 3*i**3 + 53*i**2 + 30*i - 61. Let n be k(-17). Is r(n) prime?
False
Suppose -8*n + 4*n + l = -363031, 0 = -3*n - 4*l + 272259. Suppose 16*u - n = 38859. Is u composite?
False
Suppose 157*x - 14849161 + 65915 = 437276. Is x prime?
False
Suppose k + 301 = h + 45, k = -4*h - 241. Let f = 430 + k. Is (f/(-5))/((-3)/15) composite?
True
Suppose 21732 = 14*p - 10930. Suppose 13*j = 1073 + p. Is j a prime number?
False
Suppose 5*t - 2*u + 96462 = -0*u, -4*t - 77180 = u. Is ((-6)/4)/(11/t) + 2 composite?
False
Suppose 0 = 2*l - t - 144321, 0 = 4*l + 4*t - 301750 + 13102. Is l a prime number?
True
Let f(n) = n**3 - 26*n**2 + 24*n + 28. Let b be f(25). Suppose 5071 = -5*z + 7*z + 5*s, -b*z = 3*s - 7620. Is z composite?
False
Let v(r) = r**3 + 16*r**2 - 36*r + 2. Let n be v(-18). Suppose p = -l + 3808, 0*l - n*p - 19005 = -5*l. Is l prime?
True
Suppose -68888 - 177268 = -13*p - 49999. Is p a prime number?
False
Let k = 79178 + 402863. Is k a prime number?
False
Let v(d) = 239*d - 296. Is v(11) a composite number?
False
Suppose -2*q + 30 = 3*q. Let w = q + -5. Is 2 + (w - 5290/(-5)) composite?
False
Let a(w) = -112*w**2 + 8*w + 9. Let z be a(-5). Let u = -790 - z. Is u a composite number?
True
Suppose 0 = -19*g - 165490 + 2079569. Is g a composite number?
False
Let y be -3 - 3/(15/(-25)). Suppose 4*z = 5*q - 40, -y*q = 5*z + 21 - 4. Suppose -1123 - 1209 = -q*w. Is w a prime number?
False
Let r be (10/6)/((-87)/46980). Let o = 481 + -270. Let k = o - r. Is k a prime number?
False
Let i = -23256 + 14406. Let o = 13177 + i. Is o composite?
False
Suppose -s - 43458 = o - 129096, 0 = 3*o - 6*s - 256905. Is o composite?
True
Let t(l) = 717*l - 1076. Is t(6) a prime number?
False
Let l(j) = -32*j + 85. Let f be l(-75). Suppose -w - w + 2728 = 0. Let t = f - w. Is t a composite number?
True
Suppose -4*j - 3*z = -9*j + 8, 3*z = -j + 16. Suppose g - 865 = -2*k, -j*k = -4 - 0. Is g a composite number?
False
Suppose -v = 93 + 165. Let g = 693 + 242. Let c = v + g. Is c prime?
True
Let t = 230807 - 67596. Is t a composite number?
False
Suppose 2*n = c - 14906 - 91689, -4*n = 4*c - 426356. Is c composite?
False
Let k(z) = 92*z**2 - 53*z + 4409. Is k(-92) a composite number?
False
Is (319640/30 - -24)*3/4 prime?
True
Let q(u) = 5*u**3 + 2*u**2 - 7*u - 8. Let y be q(-1). Is (-48592)/(-32) + 6/y prime?
False
Let v(x) = x + 2*x**2 - 2*x**2 + 83*x**3 - 106 + 3*x**2 + 102. Let l be v(2). Let u = 1239 - l. Is u a composite number?
True
Let n(j) be the third derivative of -295*j**4/24 + 6*j**3 + 54*j**2. Is n(-5) a prime number?
True
Let l = 23 + -20. Suppose 2*o - 4*z - 3 = 65, -l*o + z = -112. Suppose 0 = 39*i - o*i - 77. Is i a composite number?
True
Let a = 66 - 64. Suppose -a*v = -3*v - 4*t + 1, 5*v = 3*t + 28. Is -4 